 by ((-15)/(-2))/3*(-16)/(-12)*9.
26
Let z(k) be the first derivative of -19*k**2/2 - 33*k - 3. Let s be 5*32/20*6/(-8). What is the remainder when z(s) is divided by 28?
25
Let y(w) = -w**2 - 37*w - 138. What is the remainder when 280 is divided by y(-8)?
92
Let w be (8/6)/((-20)/90). Let m(h) = h**2 - 41*h - 259. Calculate the remainder when 176 is divided by m(w).
15
Suppose 46*s - 732 = 13*s - 105. Calculate the remainder when 581 is divided by s.
11
Let b(r) = -45*r - 228. Suppose 4*m = 3*z - 4 - 0, 0 = 4*z + m - 37. Calculate the remainder when b(-6) is divided by z.
2
Let x(y) = 5*y**3 - 3*y**2 + y + 1. Let c be x(1). Suppose 7*r + 195 = c*r. Let g = r - -101. Calculate the remainder when g is divided by 13.
10
Let s = -6586 - -7884. Calculate the remainder when s is divided by 44.
22
Let t(c) = 4*c**2 - 311*c + 261. Suppose -2*q + 4*m + 30 = 0, 11 = 5*m + 26. What is the remainder when t(77) is divided by q?
3
Let w = 18206 - 18133. Calculate the remainder when 603 is divided by w.
19
Let s = -2256 - -2707. What is the remainder when 953 is divided by s?
51
Let v = 769 + -548. Calculate the remainder when v is divided by (16/5)/(4/20).
13
Let j(m) = 6*m**2 + 8*m + 7. Let s be (-1 - (1 + 0))*(-150)/(-100). What is the remainder when j(s) is divided by 32?
5
Let l(o) = -41*o**2. Let x be l(-1). Let h = 71 + x. Let n = 483 + -397. What is the remainder when n is divided by h?
26
Let g be 15 + -8 - (-133)/7. Suppose -g*p + 43 + 139 = 0. What is the remainder when 592 is divided by p?
4
Let q(k) = 41*k + 1435. What is the remainder when q(-30) is divided by 15?
10
Suppose -38270 = 7*z - 38389. Calculate the remainder when 45 is divided by z.
11
Let v(k) = -4*k**3 + 42*k**2 - 24*k + 22. What is the remainder when v(9) is divided by 98?
96
Let x = -11 - -23. Suppose 2908*h = 2899*h + 621. What is the remainder when h is divided by x?
9
Let p(s) = 12*s - 42. Let g(t) = t**2 + 25*t + 119. Let n be g(-19). Calculate the remainder when p(n) is divided by 12.
6
Suppose -32 = -4*j, 4*k + 3*j - 1076 = -j. What is the remainder when k is divided by 84?
9
Let y(x) = x**2 - 23*x + 121. Let w be y(7). Suppose 5*n + r = 292, 0 = 5*r - 2*r + w. Suppose -2*p + 60 = -2. What is the remainder when n is divided by p?
28
Suppose 293865 = 446*r - 148*r - 61947. What is the remainder when r is divided by 26?
24
Let y be (1 - 2) + (-2 - 6 - -6). What is the remainder when 1*596*y/(-12) is divided by 38?
35
Let a = -11544 - -11560. Suppose -4*o = -850 - 554. What is the remainder when o is divided by a?
15
Let d be 5 + (-1 - 4/2). Suppose d*q + 3*q = 3*j + 49, 5*q - j = 53. Suppose q = 5*g - 89. What is the remainder when g is divided by 14?
6
Let t = -41 - -47. Suppose 9*b + 6 = t*b. What is the remainder when 9 is divided by (-240)/45*3/b?
1
Let v = 2847 - 2673. What is the remainder when 5215 is divided by v?
169
Let q(o) = -o**2 + 12*o - 12. Suppose 0*j = 11*j - 671. Calculate the remainder when j is divided by q(10).
5
Let j = -66 + 191. Let u = -31 - -95. What is the remainder when j is divided by u?
61
Let j be (18/(-15))/(3/(-10)). Let v = -76 - -79. Calculate the remainder when 62 is divided by v*j/18*24.
14
Let w = -1 - -11. Let b = 26331 - 26263. What is the remainder when b is divided by w?
8
Let h(g) = -g**3 - 9*g**2 + g + 12. Suppose 1 = -4*d - 35. Let y be h(d). What is the remainder when (y + (-1 - (-6)/4))*6 is divided by 8?
5
Let z(r) = 3*r**2 - 4*r - 13*r**2 - r**3 + 51 + 17*r**2. What is the remainder when 65 is divided by z(7)?
19
Suppose -11*y = 47506 - 53677. Calculate the remainder when y is divided by 51.
0
What is the remainder when 2874 is divided by (2 + -1)*-1 + 75 + -67?
4
Suppose -119*f + 684 = -101*f. Calculate the remainder when 1552 is divided by f.
32
Let m = 3668 - 3645. Calculate the remainder when 2236 is divided by m.
5
Suppose 40*h - 52*h = -24. Calculate the remainder when 208 is divided by (-208)/(-14) - h/(-14).
13
Suppose -3*l + 252 = -6. Suppose 1121 = -41*m + 2761. What is the remainder when l is divided by m?
6
Suppose -3*i + 220 + 200 = 0. Suppose -4*j = j - i. Suppose 120 = -21*c + 29*c. Calculate the remainder when j is divided by c.
13
Let r = 6525 + -3916. What is the remainder when r is divided by 10?
9
Let o = 85 + -143. Suppose 1517*s = 1574*s - 11571. What is the remainder when 22 is divided by o/s + 116/14?
6
Let r(v) = 67*v - 104. Let w be r(4). Suppose 2*k + w = 6*k. Calculate the remainder when 612 is divided by k.
38
Suppose -9*s + 3*s - 110 = -5*y, -4*y - 5*s + 88 = 0. What is the remainder when 1/(-3) - 1046/(-6) is divided by y?
20
Suppose -3 = -y - 1. Suppose -y*l - 5*j = -7, -5*j = 2*l - 4*l + 17. Calculate the remainder when l is divided by 3 + (-6 - -4) + 4 + -2.
0
Let s = 343 + 296. What is the remainder when s is divided by 168?
135
Let r(s) = -s**3 + 5*s**2 - 3*s + 4. Let x(k) = k**2 - 2*k + 4. Let c be x(1). Suppose c*t - 101 = 91. Calculate the remainder when t is divided by r(3).
12
Let f(y) = 313*y + 18807. Suppose 0*r - 3*r + 318 = 0. Calculate the remainder when r is divided by f(-60).
25
Suppose -2*z + 4*c = -102, 11*z - 7*z + 4*c = 228. Suppose -3*x + 634 = 5*v, -4*x - 3*v + 848 = v. What is the remainder when x is divided by z?
48
Suppose 2*b + 2*b + 8 = 0, -5*o + 38 = -4*b. Let z(x) = x**2 + 2*x - 19. Suppose 4*v - 19 = 1. What is the remainder when z(o) is divided by v?
4
Let o = 340 - 321. Let a = 1 + o. What is the remainder when 93 is divided by a?
13
Let n = 17 + 17. Suppose -602 = -9*j - n*j. What is the remainder when 26 is divided by j?
12
Let v be 20*((-30)/8 - 2). Suppose -20*w + 14*w + 174 = 0. Calculate the remainder when v*(-1)/(-2 - -3) is divided by w.
28
Let q = 509 - 527. Calculate the remainder when 58 is divided by 9*-6*7/q.
16
Let p(q) be the first derivative of -15*q**2/2 + 99*q - 138. Calculate the remainder when 341 is divided by p(6).
8
Suppose -30*u - 2512 + 2752 = 0. Suppose 2*r - 70 = -0*r. Calculate the remainder when r is divided by u.
3
Let k = 32 - -43. Let o = k - 29. What is the remainder when o is divided by (-1 - -13) + -1 + 1?
10
Suppose 23*b = -3*b + 78. Suppose -3*k = -b*f + 654, 3*f = 4*f + 2*k - 227. Calculate the remainder when f is divided by 32.
29
Suppose -21*i = -12785 - 3007. What is the remainder when -1 - ((-3)/9 + i/(-12)) is divided by 8?
6
Let b = 8 - 5. Let o(n) be the first derivative of 11*n**3/3 + 5*n**2/2 - 6*n + 431. What is the remainder when o(b) is divided by 37?
34
Suppose 148*m = 100*m + 60624. What is the remainder when m is divided by 186?
147
Let s(w) = 26*w**2 - 3*w + 4. Let k be s(2). Let t = k + 35. Let v = -128 + t. What is the remainder when 12 is divided by v?
3
Let x = -3 + 12. Let c be 8/(-3)*(-6987)/68. Let g = c + -267. What is the remainder when x is divided by g?
2
Suppose 6*s - 4*d = 4922, 5*d = s - 601 - 215. What is the remainder when s is divided by 8?
5
Let t(a) = 0*a + 7*a**3 - 5*a**3 + 7 - 7*a**3 - 4*a - 32*a**2 + 4*a**3. What is the remainder when t(-32) is divided by 28?
23
Let h(i) = 2*i**3 + 19*i**2 + 36*i - 11. Calculate the remainder when 324 is divided by h(-6).
24
Let n(c) be the second derivative of 4*c**3/3 + 327*c**2/2 - 293*c. Calculate the remainder when 74 is divided by n(-39).
14
Let l(k) = -k**3 - 5*k**2 - 10*k - 19. Let g be l(-4). Suppose -3*z + 2 = -z, 231 = 2*f + g*z. What is the remainder when f is divided by 20?
13
What is the remainder when 5*(0 - (-366)/10) is divided by -10 - (18 - 1333/86)*(-228)/10?
42
Let y be 7 + (3 - (-4 + 7)). Suppose 4*t - y = f, 5*f - 13*t + 11*t - 55 = 0. Calculate the remainder when 77 is divided by f.
12
Let d(i) = -4*i - 33 - 3*i + 2*i + 0*i - 2*i. What is the remainder when 125 is divided by d(-14)?
60
Let y(v) = -2*v**2 + 22*v - 103. Let m be y(11). Let x = m - -120. What is the remainder when 99 is divided by x?
14
Let h = -95 + 4. Let t = h + 106. Let i = -32 - -119. What is the remainder when i is divided by t?
12
Suppose 639*s + 46384 = 697*s + 17848. Calculate the remainder when s is divided by 216.
60
Suppose 0 = -13*q - 46 + 92 + 123. What is the remainder when 270 is divided by q?
10
Let o(c) = 3*c - 87. Let d be o(30). Suppose -3*s + d*h + 0*h + 117 = 0, -s + 3*h + 49 = 0. Calculate the remainder when s is divided by 4.
2
Suppose 4*w